e prime factors of 271?
271
What are the prime factors of 1298?
2, 11, 59
What are the prime factors of 14301?
3, 7, 227
What are the prime factors of 13174?
2, 7, 941
List the prime factors of 236.
2, 59
What are the prime factors of 7441?
7, 1063
List the prime factors of 85832.
2, 10729
What are the prime factors of 1596?
2, 3, 7, 19
What are the prime factors of 33712?
2, 7, 43
List the prime factors of 2820.
2, 3, 5, 47
What are the prime factors of 119456?
2, 3733
What are the prime factors of 1453?
1453
What are the prime factors of 19317?
3, 47, 137
List the prime factors of 1114.
2, 557
What are the prime factors of 1599?
3, 13, 41
What are the prime factors of 25590?
2, 3, 5, 853
List the prime factors of 3594.
2, 3, 599
List the prime factors of 11221.
7, 229
List the prime factors of 49.
7
What are the prime factors of 11098?
2, 31, 179
What are the prime factors of 460?
2, 5, 23
List the prime factors of 43420.
2, 5, 13, 167
What are the prime factors of 15951?
3, 13, 409
What are the prime factors of 52208?
2, 13, 251
List the prime factors of 34090.
2, 5, 7, 487
List the prime factors of 4522.
2, 7, 17, 19
What are the prime factors of 202?
2, 101
What are the prime factors of 16611?
3, 7, 113
What are the prime factors of 1764?
2, 3, 7
List the prime factors of 2832.
2, 3, 59
What are the prime factors of 1820?
2, 5, 7, 13
What are the prime factors of 54251?
54251
What are the prime factors of 12183?
3, 31, 131
What are the prime factors of 3245?
5, 11, 59
List the prime factors of 1101.
3, 367
What are the prime factors of 14245?
5, 7, 11, 37
What are the prime factors of 16537?
23, 719
What are the prime factors of 2669?
17, 157
What are the prime factors of 1622?
2, 811
List the prime factors of 17653.
127, 139
List the prime factors of 793.
13, 61
List the prime factors of 5176.
2, 647
List the prime factors of 167.
167
What are the prime factors of 1992?
2, 3, 83
What are the prime factors of 6694?
2, 3347
What are the prime factors of 24014?
2, 12007
List the prime factors of 440.
2, 5, 11
List the prime factors of 1850.
2, 5, 37
List the prime factors of 18658.
2, 19, 491
List the prime factors of 2516.
2, 17, 37
What are the prime factors of 760?
2, 5, 19
What are the prime factors of 1379?
7, 197
List the prime factors of 1913.
1913
What are the prime factors of 30435?
3, 5, 2029
What are the prime factors of 13983?
3, 59, 79
What are the prime factors of 920?
2, 5, 23
List the prime factors of 788.
2, 197
What are the prime factors of 3060?
2, 3, 5, 17
What are the prime factors of 9157?
9157
List the prime factors of 946.
2, 11, 43
List the prime factors of 15100.
2, 5, 151
List the prime factors of 218.
2, 109
List the prime factors of 10936.
2, 1367
List the prime factors of 27620.
2, 5, 1381
What are the prime factors of 924?
2, 3, 7, 11
What are the prime factors of 748?
2, 11, 17
What are the prime factors of 1602?
2, 3, 89
What are the prime factors of 1651?
13, 127
List the prime factors of 5932.
2, 1483
List the prime factors of 50619.
3, 47, 359
List the prime factors of 2602.
2, 1301
What are the prime factors of 8181?
3, 101
List the prime factors of 1698.
2, 3, 283
List the prime factors of 17953.
13, 1381
List the prime factors of 54920.
2, 5, 1373
What are the prime factors of 41386?
2, 20693
List the prime factors of 2058.
2, 3, 7
What are the prime factors of 127?
127
List the prime factors of 899.
29, 31
List the prime factors of 10376.
2, 1297
What are the prime factors of 48425?
5, 13, 149
List the prime factors of 208340.
2, 5, 11, 947
What are the prime factors of 255?
3, 5, 17
What are the prime factors of 584?
2, 73
What are the prime factors of 17466?
2, 3, 41, 71
List the prime factors of 58972.
2, 23, 641
What are the prime factors of 13249?
13249
List the prime factors of 39341.
39341
List the prime factors of 1785.
3, 5, 7, 17
List the prime factors of 4325.
5, 173
List the prime factors of 3501.
3, 389
List the prime factors of 13433.
7, 19, 101
What are the prime factors of 96020?
2, 5, 4801
What are the prime factors of 113254?
2, 17, 3331
List the prime factors of 295.
5, 59
List the prime factors of 836.
2, 11, 19
List the prime factors of 1280.
2, 5
What are the prime factors of 6436?
2, 1609
List the prime factors of 5283.
3, 587
List the prime factors of 4434.
2, 3, 739
List the prime factors of 40101.
3, 13367
List the prime factors of 162035.
5, 23, 1409
What are the prime factors of 714?
2, 3, 7, 17
List the prime factors of 2954.
2, 7, 211
What are the prime factors of 4166?
2, 2083
List the prime factors of 66455.
5, 13291
List the prime factors of 26312.
2, 11, 13, 23
List the prime factors of 149500.
2, 5, 13, 23
What are the prime factors of 22996?
2, 5749
What are the prime factors of 4057?
4057
List the prime factors of 18246.
2, 3, 3041
List the prime factors of 487.
487
What are the prime factors of 532?
2, 7, 19
List the prime factors of 7418.
2, 3709
List the prime factors of 48965.
5, 7, 1399
What are the prime factors of 2173?
41, 53
What are the prime factors of 17749?
17749
What are the prime factors of 12126?
2, 3, 43, 47
What are the prime factors of 49048?
2, 6131
What are the prime factors of 1026?
2, 3, 19
List the prime factors of 4195.
5, 839
What are the prime factors of 8473?
37, 229
List the prime factors of 54.
2, 3
What are the prime factors of 72373?
7, 211
List the prime factors of 32455.
5, 6491
What are the prime factors of 188060?
2, 5, 9403
What are the prime factors of 1438?
2, 719
List the prime factors of 67659.
3, 19, 1187
What are the prime factors of 965?
5, 193
What are the prime factors of 988?
2, 13, 19
What are the prime factors of 2075?
5, 83
What are the prime factors of 753?
3, 251
What are the prime factors of 20442?
2, 3, 3407
List the prime factors of 34843.
34843
List the prime factors of 1629.
3, 181
List the prime factors of 2684.
2, 11, 61
What are the prime factors of 23595?
3, 5, 11, 13
List the prime factors of 5290.
2, 5, 23
What are the prime factors of 46389?
3, 7, 47
What are the prime factors of 10486?
2, 7, 107
What are the prime factors of 69464?
2, 19, 457
List the prime factors of 4749.
3, 1583
List the prime factors of 382.
2, 191
List the prime factors of 2288.
2, 11, 13
What are the prime factors of 6508?
2, 1627
What are the prime factors of 17912?
2, 2239
List the prime factors of 920.
2, 5, 23
List the prime factors of 29190.
2, 3, 5, 7, 139
What are the prime factors of 1211?
7, 173
What are the prime factors of 808?
2, 101
What are the prime factors of 1836?
2, 3, 17
List the prime factors of 5533.
11, 503
What are the prime factors of 318?
2, 3, 53
What are the prime factors of 51785?
5, 10357
List the prime factors of 57369.
3, 13, 1471
List the prime factors of 111918.
2, 3, 23, 811
What are the prime factors of 3416?
2, 7, 61
List the prime factors of 14135.
5, 11, 257
What are the prime factors of 93651?
3, 19, 31, 53
List the prime factors of 1817.
23, 79
List the prime factors of 5635.
5, 7, 23
What are the prime factors of 218?
2, 109
List the prime factors of 10413.
3, 13, 89
What are the prime factors of 2369?
23, 103
What are the prime factors of 14138?
2, 7069
What are the prime factors of 6143?
6143
What are the prime factors of 165?
3, 5, 11
List the prime factors of 780.
2, 3, 5, 13
List the prime factors of 14598.
2, 3, 811
What are the prime factors of 1552?
2, 97
What are the prime factors of 7104?
2, 3, 37
List the prime factors of 3115.
5, 7, 89
List the prime factors of 53094.
2, 3, 8849
What are the prime factors of 1213?
1213
What are the prime factors of 164?
2, 41
List the prime factors of 49980.
2, 3, 5, 7, 17
List the prime factors of 536.
2, 67
List the prime factors of 2324.
2, 7, 83
List the prime factors of 18522.
2, 3, 7
What are the prime factors of 392?
2, 7
What are the prime factors of 899?
29, 31
What are the prime factors of 2399?
2399
List the prime factors of 632.
2, 79
List the prime factors of 261.
3, 29
List the prime factors of 415.
5, 83
List the prime factors of 7281.
3, 809
What are the prime factors of 5288?
2, 661
What are the prime factors of 13929?
3, 4643
List the prime factors of 412.
2, 103
What are the prime factors of 6686?
2, 3343
What are the p